omposite number?
True
Is 2963007071 a prime number?
False
Is 188936063 prime?
False
Is 1371907991 a prime number?
False
Is 1784800367 a prime number?
False
Is 878018137 composite?
True
Is 17972209135 prime?
False
Is 29701054423 a composite number?
False
Is 8666594015 a prime number?
False
Is 392847677 composite?
True
Is 410916559 prime?
True
Is 728606159 composite?
False
Is 267221096665 composite?
True
Is 1141861843 prime?
False
Is 11489012767 a prime number?
True
Is 1991848447 prime?
True
Is 6508305017 a composite number?
False
Is 88614938417 prime?
False
Is 274622399 a composite number?
True
Is 2304845201 composite?
False
Is 1352223823 composite?
False
Is 466704553673 composite?
False
Is 16421076158 a prime number?
False
Is 1265312551 prime?
True
Is 34236193 a composite number?
False
Is 6959461141 a prime number?
False
Is 78313615 prime?
False
Is 1619527381 a prime number?
False
Is 124521443 a prime number?
False
Is 2809763521 prime?
True
Is 11105355683 a composite number?
False
Is 592442821 composite?
False
Is 45978395293 a composite number?
False
Is 8640812893 a composite number?
True
Is 1044209303 composite?
True
Is 79209456977 prime?
False
Is 289730011 a composite number?
True
Is 597148507 a prime number?
True
Is 187394327 composite?
False
Is 176389041373 a prime number?
False
Is 1581645187 composite?
False
Is 8479756823 prime?
True
Is 47952513071 a prime number?
False
Is 7755540073 composite?
False
Is 21580564427 prime?
True
Is 1895184931 a composite number?
True
Is 6208599479 composite?
False
Is 607349969 composite?
False
Is 14604839917 a composite number?
True
Is 471475358086 a prime number?
False
Is 11455953739 composite?
False
Is 18051875371 prime?
True
Is 82620212927 a composite number?
True
Is 4039813597 composite?
False
Is 381015827 prime?
True
Is 90098213129 composite?
False
Is 350919311 a composite number?
False
Is 10688059051 a prime number?
True
Is 6819508403 composite?
False
Is 24731570221 a prime number?
True
Is 16282825799 prime?
True
Is 22159575691 a prime number?
False
Is 2364036863 composite?
False
Is 575955433 a prime number?
False
Is 168614473 composite?
False
Is 1010272817 composite?
True
Is 8278079753 prime?
False
Is 6077405519 a prime number?
True
Is 615747533 composite?
True
Is 1943686027 a composite number?
False
Is 1892184419 prime?
True
Is 14949278131 prime?
False
Is 1972744231 a prime number?
True
Is 474976149 prime?
False
Is 1793088277 a composite number?
True
Is 874129819 a composite number?
True
Is 165568247 prime?
False
Is 18724031519 prime?
False
Is 1120052057 prime?
True
Is 20101299289 a prime number?
False
Is 150911681 composite?
False
Is 14938056803 a prime number?
False
Is 372203441 composite?
False
Is 15971471531 prime?
True
Is 32126100779 a composite number?
False
Is 1418604703 a composite number?
False
Is 24522184943 prime?
True
Is 14726482202 composite?
True
Is 1758176065 composite?
True
Is 1030791133 prime?
True
Is 767602019 a composite number?
False
Is 6272963041 a prime number?
False
Is 248874573 a prime number?
False
Is 826959647 a prime number?
True
Is 205272149 a composite number?
False
Is 9254487005 a prime number?
False
Is 91381387 a prime number?
True
Is 22329713459 prime?
False
Is 7991917027 a composite number?
False
Is 542207881 composite?
True
Is 149865372563 prime?
True
Is 205026272177 a prime number?
True
Is 5162987609 composite?
True
Is 530494771 prime?
True
Is 32185510135 a composite number?
True
Is 1847085469 a prime number?
False
Is 44366872999 a composite number?
True
Is 1309617461 prime?
True
Is 277197091 a composite number?
False
Is 935613617 composite?
False
Is 14870692101 a prime number?
False
Is 573987913 a prime number?
False
Is 79947281 prime?
False
Is 7319853839 prime?
True
Is 462946811 composite?
False
Is 3178229629 a prime number?
False
Is 837188763 prime?
False
Is 383073011 prime?
False
Is 327173814973 a prime number?
True
Is 216475610041 prime?
False
Is 3335996849 prime?
False
Is 19687175051 composite?
True
Is 5470125883 prime?
True
Is 338774263 a composite number?
False
Is 1486664863 prime?
True
Is 6825818893 prime?
True
Is 1446729491 a composite number?
False
Is 3782074553 a composite number?
False
Is 74707201 prime?
True
Is 318572869 a composite number?
True
Is 68941391 a composite number?
False
Is 1442478463 prime?
False
Is 224433617 a prime number?
True
Is 84960720613 a prime number?
True
Is 2578135363 prime?
True
Is 245170831 a prime number?
True
Is 2247921857 a prime number?
True
Is 897264751 a prime number?
True
Is 17134308911 a prime number?
True
Is 1686591701 prime?
False
Is 1687309903 prime?
False
Is 348968959 a composite number?
True
Is 2548581487 a prime number?
False
Is 63503313953 prime?
False
Is 16128223193 composite?
False
Is 200554427 a composite number?
False
Is 27282487069 a composite number?
False
Is 79827382861 prime?
True
Is 8988797113 a composite number?
False
Is 44211673127 prime?
True
Is 4353559169 prime?
True
Is 223459815011 prime?
True
Is 24257572473 prime?
False
Is 12939475739 prime?
True
Is 16373688557 composite?
False
Is 25663549103 composite?
True
Is 86995562699 a composite number?
False
Is 9079943857 a prime number?
True
Is 23831071513 a composite number?
False
Is 11831823301 prime?
False
Is 7504147733 prime?
True
Is 727607653 a prime number?
True
Is 704816357 prime?
False
Is 4717476043 a prime number?
False
Is 45181316249 composite?
False
Is 11892229 a prime number?
True
Is 13199144911 composite?
True
Is 257088956759 a prime number?
True
Is 10608174959 a prime number?
True
Is 1691182211 a composite number?
False
Is 29979368603 a composite number?
True
Is 624589841 composite?
False
Is 27976069609 composite?
True
Is 187058119 a composite number?
True
Is 254931149549 prime?
False
Is 1450198543 a prime number?
True
Is 2724653843 a composite number?
False
Is 1940676743 a composite number?
True
Is 40415341099 a prime number?
False
Is 76940184613 a composite number?
True
Is 166488417379 a composite number?
True
Is 307723769 a prime number?
True
Is 648155993 a composite number?
False
Is 18568836071 a prime number?
False
Is 6385285631 composite?
True
Is 16382961697 a prime number?
True
Is 4530022417 a composite number?
False
Is 370713227 prime?
True
Is 101051147 a prime number?
False
Is 2519693074 a composite number?
True
Is 43152317159 prime?
False
Is 7661228987 composite?
False
Is 373324284533 a prime number?
True
Is 6289031719 a prime number?
True
Is 3056707241 a prime number?
False
Is 470363323 composite?
True
Is 46720321 a composite number?
True
Is 287517059 composite?
False
Is 4796036173 composite?
False
Is 1930094121 prime?
False
Is 36272086 a prime number?
False
Is 1805260183 a composite number?
False
Is 15768967219 a prime number?
False
Is 280304220721 a prime number?
False
Is 1715045831 composite?
True
Is 7757557 prime?
False
Is 279153247 a composite number?
True
Is 2357842973 composite?
True
Is 17605009603 prime?
True
Is 34055720057 prime?
True
Is 22287070493 composite?
False
Is 16297989859 a prime number?
True
Is 223582378765 prime?
False
Is 1366901989 composite?
True
Is 10443500531 a prime number?
False
Is 36590265473 prime?
True
Is 627791723 a composite number?
True
Is 74122785319 a composite number?
True
Is 380808529 a composite number?
False
Is 1064761091 a composite number?
False
Is 9681832201 a composite number?
True
Is 453416329 prime?
True
Is 93422060827 a composite number?
True
Is 28506772981 a prime number?
True
Is 381636649 prime?
False
Is 1192027561 prime?
True
Is 2166580429 prime?
False
Is 1303693789 prime?
True
Is 399577279 a composite number?
True
Is 8170941503 a composite number?
True
Is 3201726949 a prime number?
True
Is 80955425191 prime?
False
Is 1506950531 prime?
False
Is 596031011 composite?
True
Is 84362429 composite?
False
Is 2626122937 a prime number?
False
Is 38158724066 prime?
False
Is 24131670071 prime?
True
Is 251716757 composite?
True
Is 198909481 composite?
False
Is 315607207 a composite number?
True
Is 249251921 a prime number?
True
Is 18938187431 a prime number?
True
Is 60753053689 prime?
False
Is 4437334663 a composite number?
False
Is 50012892613 prime?
True
Is 211992923 prime?
True
Is 39854959 a prime number?
True
Is 56103756655 composite?
True
Is 33743493101 composite?
False
Is 18833891579 